13312.
2, 159791
What are the prime factors of 375988?
2, 93997
What are the prime factors of 11873680?
2, 5, 7, 13, 233
What are the prime factors of 1267277?
11, 23, 5009
List the prime factors of 226856.
2, 7, 4051
List the prime factors of 316691.
316691
List the prime factors of 1130732.
2, 282683
What are the prime factors of 995940?
2, 3, 5, 11, 503
List the prime factors of 3154663.
41, 76943
List the prime factors of 32933996.
2, 37, 222527
What are the prime factors of 1062071?
23, 61, 757
What are the prime factors of 20784591?
3, 17, 61, 131
What are the prime factors of 138239?
138239
What are the prime factors of 333254?
2, 166627
What are the prime factors of 75365?
5, 15073
List the prime factors of 42085605.
3, 5, 43, 71, 919
List the prime factors of 450049.
421, 1069
What are the prime factors of 500173?
500173
List the prime factors of 2782327.
797, 3491
What are the prime factors of 3146638?
2, 11, 281, 509
List the prime factors of 19918048.
2, 337, 1847
What are the prime factors of 71152?
2, 4447
List the prime factors of 364442.
2, 13, 107, 131
List the prime factors of 596270.
2, 5, 59627
List the prime factors of 950875.
5, 7607
What are the prime factors of 116781?
3, 7, 67, 83
What are the prime factors of 1090873?
7, 17, 89, 103
List the prime factors of 131775.
3, 5, 7, 251
List the prime factors of 389105.
5, 59, 1319
What are the prime factors of 13362475?
5, 7, 29, 2633
What are the prime factors of 3165175?
5, 13, 9739
What are the prime factors of 6342353?
61, 173, 601
What are the prime factors of 5234627?
5234627
List the prime factors of 366211.
366211
What are the prime factors of 3358214?
2, 17, 43, 2297
What are the prime factors of 236593?
7, 73, 463
What are the prime factors of 245051?
37, 179
List the prime factors of 1844496.
2, 3, 12809
What are the prime factors of 835717?
835717
List the prime factors of 5466069.
3, 7, 28921
List the prime factors of 1874336.
2, 58573
List the prime factors of 906260.
2, 5, 113, 401
List the prime factors of 544230.
2, 3, 5, 6047
What are the prime factors of 1728257?
1728257
List the prime factors of 12750978.
2, 3, 2125163
What are the prime factors of 1298202?
2, 3, 61, 3547
What are the prime factors of 194499?
3, 21611
List the prime factors of 5575734.
2, 3, 307, 1009
List the prime factors of 133057.
19, 47, 149
What are the prime factors of 2320391?
2320391
What are the prime factors of 5149316?
2, 1287329
List the prime factors of 7315670.
2, 5, 731567
List the prime factors of 7877694.
2, 3, 11, 119359
What are the prime factors of 1167729?
3, 269, 1447
What are the prime factors of 8634866?
2, 29, 53
What are the prime factors of 568333?
547, 1039
What are the prime factors of 16886390?
2, 5, 59, 28621
List the prime factors of 23471335.
5, 43, 109169
List the prime factors of 5369037.
3, 61, 29339
List the prime factors of 3390173.
197, 17209
What are the prime factors of 681041?
681041
List the prime factors of 19828052.
2, 17, 79, 3691
What are the prime factors of 13590162?
2, 3, 755009
What are the prime factors of 5715646?
2, 41, 43, 1621
What are the prime factors of 212100?
2, 3, 5, 7, 101
List the prime factors of 75213.
3, 61, 137
What are the prime factors of 4077624?
2, 3, 23, 83, 89
List the prime factors of 1930736.
2, 120671
What are the prime factors of 1463965?
5, 292793
What are the prime factors of 1716870?
2, 3, 5, 151, 379
What are the prime factors of 1295080?
2, 5, 32377
What are the prime factors of 1704649?
29, 43, 1367
List the prime factors of 1964398.
2, 109, 9011
What are the prime factors of 343878?
2, 3, 37, 1549
List the prime factors of 215363.
283, 761
List the prime factors of 588501.
3, 23, 2843
What are the prime factors of 3966632?
2, 495829
List the prime factors of 353106.
2, 3, 13, 503
List the prime factors of 1376688.
2, 3, 23, 29, 43
What are the prime factors of 162449?
7, 23, 1009
What are the prime factors of 16345949?
16345949
What are the prime factors of 107660?
2, 5, 7, 769
What are the prime factors of 23401902?
2, 3, 23, 73, 101
List the prime factors of 699753.
3, 233251
What are the prime factors of 937269?
3, 223, 467
What are the prime factors of 3211476?
2, 3, 31, 89, 97
What are the prime factors of 3868853?
23, 168211
List the prime factors of 194568.
2, 3, 11, 67
List the prime factors of 141437.
67, 2111
What are the prime factors of 149697?
3, 16633
What are the prime factors of 16777147?
17, 359, 2749
List the prime factors of 19390983.
3, 6463661
What are the prime factors of 3735795?
3, 5, 7, 47, 757
What are the prime factors of 135561?
3, 73, 619
List the prime factors of 3565956.
2, 3, 29, 10247
List the prime factors of 367314.
2, 3, 29, 2111
What are the prime factors of 349340?
2, 5, 17467
List the prime factors of 249461.
313, 797
What are the prime factors of 36393?
3, 7, 1733
What are the prime factors of 210405?
3, 5, 13, 83
List the prime factors of 17100403.
41, 113, 3691
List the prime factors of 192645.
3, 5, 1427
List the prime factors of 3751311.
3, 1250437
What are the prime factors of 3696627?
3, 11, 112019
What are the prime factors of 32784293?
32784293
What are the prime factors of 1535382?
2, 3, 28433
What are the prime factors of 6469975?
5, 19, 53, 257
What are the prime factors of 3252377?
3252377
What are the prime factors of 1523330?
2, 5, 347, 439
List the prime factors of 2056167.
3, 17, 89, 151
What are the prime factors of 991572?
2, 3, 19, 4349
List the prime factors of 166026.
2, 3, 7, 59, 67
List the prime factors of 34987.
59, 593
List the prime factors of 98671.
79, 1249
List the prime factors of 431508.
2, 3, 7, 11, 467
List the prime factors of 884642.
2, 11, 79, 509
List the prime factors of 27402008.
2, 43, 79657
List the prime factors of 185760.
2, 3, 5, 43
What are the prime factors of 5911902?
2, 3, 328439
What are the prime factors of 112964?
2, 31, 911
What are the prime factors of 5727594?
2, 3, 954599
What are the prime factors of 1355454?
2, 3, 2789
List the prime factors of 402348.
2, 3, 33529
List the prime factors of 192869.
19, 10151
List the prime factors of 24234644.
2, 7, 107, 8089
What are the prime factors of 296213?
296213
List the prime factors of 45030.
2, 3, 5, 19, 79
What are the prime factors of 35226?
2, 3, 19, 103
What are the prime factors of 4317184?
2, 17, 31
What are the prime factors of 42846420?
2, 3, 5, 714107
What are the prime factors of 175595?
5, 7, 29, 173
List the prime factors of 109887.
3, 36629
What are the prime factors of 26137124?
2, 13, 181, 2777
What are the prime factors of 333135?
3, 5, 11, 673
What are the prime factors of 6171111?
3, 685679
What are the prime factors of 1739858?
2, 23, 109, 347
What are the prime factors of 3594292?
2, 13, 409
What are the prime factors of 3900545?
5, 11, 70919
List the prime factors of 39970867.
5189, 7703
What are the prime factors of 8107?
11, 67
List the prime factors of 89541.
3, 9949
List the prime factors of 20392232.
2, 7, 52021
List the prime factors of 12582132.
2, 3, 487, 2153
List the prime factors of 12266670.
2, 3, 5, 13, 71, 443
List the prime factors of 3401334.
2, 3, 233, 811
List the prime factors of 29505085.
5, 1277, 4621
List the prime factors of 4842598.
2, 47, 51517
What are the prime factors of 8309843?
1999, 4157
List the prime factors of 283381.
7, 40483
List the prime factors of 100019.
100019
What are the prime factors of 96812?
2, 24203
List the prime factors of 1256254.
2, 628127
List the prime factors of 206302.
2, 19, 61, 89
List the prime factors of 1063031.
19, 55949
What are the prime factors of 4037554?
2, 29, 67, 1039
List the prime factors of 2856725.
5, 114269
List the prime factors of 446968.
2, 55871
List the prime factors of 22788.
2, 3, 211
List the prime factors of 5858854.
2, 2929427
What are the prime factors of 452492?
2, 113123
List the prime factors of 13373424.
2, 3, 17, 607
What are the prime factors of 18715381?
1627, 11503
List the prime factors of 372268.
2, 13, 7159
What are the prime factors of 1541087?
37, 41651
What are the prime factors of 4760273?
7, 680039
What are the prime factors of 14975?
5, 599
List the prime factors of 1103279.
1103279
List the prime factors of 36798888.
2, 3, 7, 219041
List t